uppose 3*i = 6, 10 = w + 8*i - 3*i. Suppose w = -j - 0*j - 2*q + 53, -4*q = 3*j - 149. What are the prime factors of j?
43
Suppose 143 = 5*h - 2*z, -z + 115 = 4*h - 2*z. Suppose 5*u + 9 = h. Suppose -4*v + 32 = l, 10 = u*l - 6. What are the prime factors of v?
7
Suppose -2*x = -5*f + 1663, 3*f - f = 2*x + 664. List the prime factors of f.
3, 37
List the prime factors of (-2)/6*195/(-5).
13
Let f(z) be the third derivative of z**4/2 - 3*z**2. List the prime factors of f(1).
2, 3
Let o(p) = p. Let l be o(-3). List the prime factors of l - (-34)/((-4)/(-2)).
2, 7
Suppose 0*f - 14 = -f. Let k(c) = 2*c**3 + 2*c**2 - 2*c + 3. Let p be k(-2). What are the prime factors of f - ((2 - 3) + p)?
2
Let g(f) = -f**2 + 6*f + 2. Let j = 6 - 1. What are the prime factors of g(j)?
7
Let v = 2 - 0. What are the prime factors of v?
2
Suppose c + 5*d - 28 = 6, 0 = 3*c - d - 118. List the prime factors of c.
3, 13
Let s(l) = -l**3 + 9*l**2 + 16*l - 12. List the prime factors of s(10).
2, 3
Let k(m) = 0 + 3*m - m - 3. Let q be k(2). Suppose 0 = g - 7 + q. List the prime factors of g.
2, 3
Suppose -2 = b + 3*c - 1, -b + 6 = -4*c. Suppose 4*v + b*g - 90 = 0, v + 4*g = -5 + 10. List the prime factors of v.
5
Let d be 1/((-3)/((-12)/2)). Let b = -10 + 62. Suppose -4*t - 2*v = -b, v = 6*t - d*t - 40. What are the prime factors of t?
11
Let y = 80 - 6. Suppose -4*l = -6 - y. Suppose -3*i + 10 = 4*c - 3*c, -2*c + 4*i + l = 0. List the prime factors of c.
2, 5
Let v(d) = d**3 + 6*d**2 - 9*d - 5. Suppose -2*y - 4 = 10. What are the prime factors of v(y)?
3
Suppose -2*p + 49 + 47 = 0. Suppose -4*b + p + 0 = 0. What are the prime factors of b?
2, 3
Suppose -4*x = -12 - 4. Let n = -19 + 27. Let m = x + n. What are the prime factors of m?
2, 3
Let k(j) = 3*j**3 + 2*j**2 - 2*j + 1. Let x be k(1). Let t be 2/x + (-5)/(-2). Suppose -p = t*p - 52. List the prime factors of p.
13
Let d be ((-2)/4)/((-2)/(-8)). Let s = 4 - d. List the prime factors of s.
2, 3
Let s = -18 + 10. Let h = s - -19. List the prime factors of h.
11
Let x(r) = r**3 - 3*r**2 - r - 1. What are the prime factors of x(4)?
11
Let f(x) = -2*x - 7. Let t be f(-8). Let p(l) = 3*l - 13. List the prime factors of p(t).
2, 7
Suppose 3*q + 3 = 99. What are the prime factors of q?
2
Suppose m = -0*m - 2*w + 4, -4*w - 52 = -4*m. Suppose m = 5*y + 5*d - 30, 15 = -3*d. List the prime factors of y.
13
Let h = 477 - 287. List the prime factors of h.
2, 5, 19
Suppose 5*r - 14 + 4 = 0. Let s be ((-24)/21)/((-4)/14). Suppose 2*c + 3*l - 24 = 0, -s = r*l - 4*l. What are the prime factors of c?
3
Let m = 6 - 3. What are the prime factors of 33/12*(m + 1)?
11
Let x(a) = 8*a + 5. Let k be x(4). Suppose -4*h + y + 45 = -h, k = 2*h - 3*y. What are the prime factors of h?
2, 7
Let y be 12/(-4) + 0 + 48. Suppose 0 = 2*c - y - 33. List the prime factors of c.
3, 13
Suppose 3*o = -3*a - 742 + 1963, 2*o + 5*a - 814 = 0. List the prime factors of o.
11, 37
Let h be (-5 - -7)*(1 - 0). Suppose -2 = 2*f + h*l + 2, f - 5*l - 22 = 0. Suppose -j + 16 = 2*d + 3, 2*j - f*d - 2 = 0. What are the prime factors of j?
5
Let f = -4 + 7. Let g = 10 - f. List the prime factors of g.
7
Suppose -295 = -2*z - 5*h, z - 4*h = -z + 250. List the prime factors of z.
3, 5
Let a(b) = -b**2 + 14*b - 11. Let m be a(11). Suppose -l = 2*g - m, 8*l = -4*g + 4*l + 52. List the prime factors of g.
3
Let w = -9 - -12. Let x = w + 5. What are the prime factors of x?
2
Let a = 123 + -84. List the prime factors of a.
3, 13
Suppose 2*n - 4 = w, 22 = 5*n + 2. Suppose 20 = 2*b + w. List the prime factors of b.
2
Let p = 12 + -8. Suppose o - p = 4. What are the prime factors of o?
2
Let b be (-190)/(-6) + (-1)/(-3). Suppose 0 = -0*d + 4*d - b. List the prime factors of d.
2
Let r be (-1)/(-8) + (-445)/40. Let b = r + 20. What are the prime factors of b?
3
Let i(w) = 4*w - 2. Let u(s) = 4*s - 3. Let x(q) = -6*i(q) + 5*u(q). List the prime factors of x(-5).
17
Suppose 3*h - 13 = -1. Let b(r) = -2*r**2 - r + 1. Let z(x) = 7*x**2 + 3*x - 3. Let o(g) = h*z(g) + 11*b(g). What are the prime factors of o(1)?
2, 3
Let n = 7 + -5. Suppose -5*a = -n*q + 27, 0 = 5*q + 5*a - 10 - 5. Let k(h) = 3*h + 4. List the prime factors of k(q).
2, 11
Suppose 0 = 2*z - 4*z + 290. What are the prime factors of z?
5, 29
Let u be 1 - (-1 + -2)*-3. Let s be (27/(-2))/(6/(-8)). What are the prime factors of (-1 - s/u)*4?
5
Suppose c = -c - 40. What are the prime factors of 22/10 + 4/c?
2
Let d = 10 + 50. What are the prime factors of ((-6)/(-15))/(2/d)?
2, 3
Let s be (-2)/(-2) - (-21 + 3). Let h = -28 + s. Let j = h + 17. List the prime factors of j.
2
Let v = -49 + 118. Suppose -24 = -4*w + 4*g, -5*w + g = -v + 27. Suppose -4*r - 60 = -w*r. What are the prime factors of r?
2, 3
Let r(v) = -v**2 - 15*v - 7. Let b be r(-12). Let m = -12 + b. Let k = m + 4. What are the prime factors of k?
3, 7
Suppose 0*n + 70 = -4*b + n, 0 = -b + 4*n - 10. Let v = -4 - b. List the prime factors of v.
2, 7
What are the prime factors of (65/10 - 5)/(3/104)?
2, 13
Let d(k) = -3 - 3*k + 3*k + 0*k - k. Let p be d(-6). Let h = p + 1. List the prime factors of h.
2
Let t = -34 + 53. List the prime factors of t.
19
Let t = -22 + 36. List the prime factors of t.
2, 7
Let k(d) be the first derivative of 14*d**3/3 - d**2 - d - 4. List the prime factors of k(-1).
3, 5
Suppose -3*z - 4 = -4*z. Let d be z/(-3) - (-2)/(-3). List the prime factors of (-1)/d*2*2.
2
Let c = 7 + -5. Suppose 4*f - 9 = c*j + j, 4*f - 3 = j. Suppose 0 = 4*m - f*m - 12. List the prime factors of m.
3
Suppose 0 = -5*w - 2*p + 55, -4*p + 2*p + 1 = -w. Suppose k + 6 = 3*r, 4*k + 3*r - 45 = -w. What are the prime factors of k?
2, 3
Suppose 66 = b - 3*k, -5*k = -5*b + 95 + 225. List the prime factors of b.
3, 7
Suppose -m = 2*u - 167, -2*u - 4*m = 3*u - 413. What are the prime factors of u?
5, 17
Suppose 2*m + 7 = -3. Let l = 8 + m. List the prime factors of 5*(0 - (2 - l)).
5
Suppose 48 = w + w. Suppose -j = -4*m - w, -3*j + 20 = -2*m - 2. What are the prime factors of j/14 - 108/(-14)?
2
Let y(c) = -2 + 1 + 7*c**2 + 2*c**2. List the prime factors of y(-1).
2
Suppose -d - 3*d + 20 = 0. Let w(x) = 4*x - 5. List the prime factors of w(d).
3, 5
Let o = -6 - -16. Let t = o + -3. What are the prime factors of t?
7
Let m(y) = y**3 - 6*y**2 + y - 4. Let f be m(6). Suppose 5*i + 4*r = 81, f*i + i - 55 = -4*r. Let d = 18 - i. List the prime factors of d.
5
Let z = 1 + -1. Suppose 2*k = -4*d, z = -d + 2*k + 13 - 3. List the prime factors of (-4)/(-14)*(9 - d).
2
Suppose 2*g + 14 - 2 = 0. Let n(i) = 20*i**3 + i**2. Let j be n(1). List the prime factors of (-7)/j + (-116)/g.
19
Let p be (-2)/9 - 364/(-18). Let f = 15 - 9. Suppose 2*l = f*l - p. What are the prime factors of l?
5
Let m be 1 + (10 - (-3)/(-3)). Suppose -m = -5*f + 3*f. Suppose -g = -f*g + 24. What are the prime factors of g?
2, 3
Let s = -162 - -342. What are the prime factors of s?
2, 3, 5
Let h(t) be the second derivative of t**4/12 + 4*t**3/3 - 7*t**2 - 2*t. Let n = 23 + -33. What are the prime factors of h(n)?
2, 3
Let s be (-1 - -8) + -8 + 7. Let p = -7 + s. List the prime factors of (-12)/(p + 1/4).
2
Suppose 7*q = 6*q + 93. What are the prime factors of q?
3, 31
Let l be 11/(2/(-6)*-3). Suppose -5*g = d - l, d = g - 0*d - 1. Suppose -g*q = -0*q - 22. List the prime factors of q.
11
Let m(u) = 2*u. Suppose 4*q - 4 = 0, 4*q + 3 + 5 = 2*c. What are the prime factors of m(c)?
2, 3
Let z(x) = x**3 + 5*x**2 - 7*x + 6. Let c = 15 + -21. List the prime factors of z(c).
2, 3
Let n = 103 + -57. List the prime factors of n.
2, 23
Suppose 3*d + 0*u = -5*u + 275, -u = -4. What are the prime factors of d?
5, 17
Let k(b) = -7*b + b + 13*b - 6 + 3*b. List the prime factors of k(3).
2, 3
Let b = 14 - 6. Let c = -16 + b. Let o = c + 11. What are the prime factors of o?
3
Let u(c) = c**2 + 5*c + 7. Let b be 4/(-10) - 28/5. Let l be u(b). Let r = 0 + l. What are the prime factors of r?
13
Suppose 5*j = -3*i + 6*i + 317, -590 = 5*i + 4*j. Let v = 5 + 4. What are the prime factors of (-2)/v + i/(-27)?
2
Let b be 1/(2/(-4)) + 0. Let x be b - (-2 - -2 - 95). Suppose y + 8 = h, x = 4*h + 5*y + 25. List the prime factors of h.
2, 3
Let c(a) be the third derivative of 5*a**4/24 - a**3/3 - 2*a**2. What are the prime factors of c(2)